 is -100100101100 + -100?
-100100110000
In base 5, what is -43 - 12203244?
-12203342
In base 12, what is -3b70 + -15?
-3b85
In base 14, what is 5 - a5d1?
-a5ca
In base 5, what is -10233021 + -12?
-10233033
In base 13, what is -19 - 128?
-144
In base 4, what is -10213202 + 2001?
-10211201
In base 7, what is -24320 + 1?
-24316
In base 3, what is -100 - 1101120?
-1101220
In base 3, what is 102022 - 11122?
20200
In base 14, what is 5 + 1d23c?
1d243
In base 4, what is 11 + 22302000?
22302011
In base 5, what is 331103 - -3410?
340013
In base 9, what is 176 - 207?
-21
In base 11, what is -653 + -49?
-6a1
In base 11, what is -7 - -248633?
248627
In base 4, what is 2202 + 1203?
10011
In base 14, what is -38a5 - -5?
-38a0
In base 12, what is 131a22 + -2?
131a20
In base 13, what is -89 - -29954?
29898
In base 12, what is -114a + -146?
-1294
In base 6, what is -3 + 142240?
142233
In base 12, what is 0 - b3a4?
-b3a4
In base 8, what is -360 + 1155?
575
In base 10, what is 41079 + -11?
41068
In base 5, what is 22404 - 241?
22113
In base 13, what is 2 + 21643?
21645
In base 12, what is -210a + 19a?
-1b30
In base 11, what is -2 - 68970?
-68972
In base 15, what is 5 - 1b576?
-1b571
In base 16, what is -2 - 7c5b?
-7c5d
In base 12, what is 4ba9 + -2?
4ba7
In base 15, what is 8 + -87d?
-875
In base 6, what is 0 + -130253?
-130253
In base 8, what is 2 + 33503?
33505
In base 3, what is -100 + 121222200?
121222100
In base 10, what is -16465 + 6?
-16459
In base 13, what is -11398 + -4?
-1139c
In base 2, what is 1 + -100110011010000000?
-100110011001111111
In base 7, what is 11640 - 5?
11632
In base 11, what is 3 - 144a?
-1447
In base 10, what is 2895 + 100?
2995
In base 13, what is 1026 - -6a?
1093
In base 12, what is -6 + 84728?
84722
In base 2, what is 100 - 10101110110110100?
-10101110110110000
In base 2, what is 10000010011000 - -10101?
10000010101101
In base 16, what is -43 - 18e5?
-1928
In base 11, what is 9251 - 6?
9246
In base 13, what is 0 + -4a5c2?
-4a5c2
In base 13, what is 1368 + 71?
1409
In base 4, what is 2 - 101011?
-101003
In base 7, what is 1 + -133011?
-133010
In base 3, what is 1 - 1022121012?
-1022121011
In base 8, what is 3 + -46736?
-46733
In base 14, what is -48 - 3c0?
-428
In base 12, what is 9862 - 0?
9862
In base 7, what is 5 - 456001?
-455663
In base 4, what is 3 + -1222100?
-1222031
In base 10, what is -16702 + 14?
-16688
In base 12, what is -412 + -1a?
-430
In base 10, what is -77746 + -1?
-77747
In base 9, what is -71 - 548?
-630
In base 6, what is -135 + 24?
-111
In base 15, what is 4 - -91515?
91519
In base 7, what is 1101353 - -25?
1101411
In base 16, what is -48 - c87f?
-c8c7
In base 7, what is 1 - -101165?
101166
In base 13, what is 8b260 - 3?
8b25a
In base 3, what is 121 - 12222212?
-12222021
In base 6, what is -240233 + -302?
-240535
In base 7, what is 351125 + 5?
351133
In base 16, what is -4 + -68f2?
-68f6
In base 16, what is 92 + ab?
13d
In base 2, what is 10010101011 - -111100?
10011100111
In base 16, what is c - aad?
-aa1
In base 11, what is 5 - -175200?
175205
In base 7, what is 2 - 2206152?
-2206150
In base 10, what is -10273 - -563?
-9710
In base 9, what is 667375 + -5?
667370
In base 9, what is 14 + 142437?
142452
In base 5, what is -11124 - 20201?
-31330
In base 3, what is 1101202200 + -101?
1101202022
In base 6, what is -5 + -50505?
-50514
In base 16, what is -6409 - -98?
-6371
In base 15, what is 205 - -35a?
560
In base 13, what is -25a - -124?
-136
In base 14, what is 2013 + -1?
2012
In base 6, what is 23 - 13133?
-13110
In base 5, what is 113221 + -10?
113211
In base 13, what is 301a2 - 4?
3019b
In base 14, what is 22b3 + -2?
22b1
In base 2, what is -11101101110111011 + -100?
-11101101110111111
In base 9, what is -4 + 67118?
67114
In base 9, what is -407623 - 3?
-407626
In base 8, what is 125 - -1457?
1604
In base 7, what is -30 + -124264?
-124324
In base 16, what is 104 - 5?
ff
In base 7, what is 4316331 - -5?
4316336
In base 15, what is -205b2 - 1?
-205b3
In base 4, what is 11202 + -100332?
-23130
In base 6, what is -24031 + -242?
-24313
In base 14, what is -32 + 686?
654
In base 11, what is -136 - 230?
-366
In base 12, what is 1 - 98760?
-9875b
In base 15, what is 3 - -1a5dd?
1a5e1
In base 13, what is 31 - -22?
53
In base 10, what is 138700 + 7?
138707
In base 11, what is 64a + -292?
368
In base 11, what is 143 - -456?
599
In base 13, what is 2a + 55?
82
In base 15, what is -141 + -dd?
-22e
In base 10, what is -12 - 61478?
-61490
In base 3, what is -201 - -21200110?
21122202
In base 14, what is 7 + 4643?
464a
In base 12, what is -2118 - -58?
-2080
In base 8, what is -541235 + -1?
-541236
In base 9, what is -24 - -20883?
20858
In base 7, what is -2 + -63440?
-63442
In base 6, what is 4244 + -1344?
2500
In base 8, what is 3467072 + 4?
3467076
In base 10, what is -2 + 1274?
1272
In base 3, what is -120001001 - -2101?
-112221200
In base 14, what is -91 + -11a7?
-1258
In base 15, what is -c5e + -9b?
-d0a
In base 6, what is 4005 - -1030?
5035
In base 13, what is 0 + -b4ba?
-b4ba
In base 5, what is -10 - 40211?
-40221
In base 12, what is -3287 - -9?
-327a
In base 7, what is -20 + 25151?
25131
In base 3, what is 2 + 2000120101?
2000120110
In base 6, what is -251414 + 1?
-251413
In base 13, what is 0 + cab64?
cab64
In base 5, what is 24330102 - 10?
24330042
In base 8, what is 152322 - 112?
152210
In base 4, what is 0 + 200313?
200313
In base 15, what is -3ba2 - -1?
-3ba1
In base 4, what is 3301200 - 1?
3301133
In base 4, what is 2023 - 3312132?
-3310103
In base 16, what is 0 - -7bcb?
7bcb
In base 3, what is 11 - 1012100102?
-1012100021
In base 11, what is -4 - 5655?
-5659
In base 3, what is -2 + -121021111110?
-121021111112
In base 14, what is -1d + 27b?
25c
In base 15, what is a - -7311?
731b
In base 5, what is 12 + 23430?
23442
In base 12, what is 3 + -5b4553?
-5b4550
In base 11, what is -160 + 119?
-42
In base 9, what is -16 + -3716?
-3733
In base 14, what is -148 + -373?
-4bb
In base 14, what is -7430 - 5?
-7435
In base 2, what is -11 - 11111100011101?
-11111100100000
In base 5, what is -1040 - -243133?
242043
In base 3, what is 1220211 - -1021?
1222002
In base 5, what is -4 - -134434?
134430
In base 4, what is -11112 - -200?
-10312
In base 12, what is -179 + -773?
-930
In base 7, what is -1 - -614?
613
In base 14, what is 7b - 5676?
-55d9
In base 11, what is 32 + 594a1?
59523
In base 10, what is -163 + 48882?
48719
In base 7, what is -1622 + 542?
-1050
In base 3, what is -10002201202112 - 20?
-10002201202202
In base 13, what is -3 + 274c42?
274c3c
In base 11, what is -8 - -181576?
181569
In base 14, what is 1 - -dac?
dad
In base 12, what is 6 + 9154a?
91554
In base 10, what is -2 + 13711?
13709
In base 11, what is 14aaa - 0?
14aaa
In base 14, what is 1322 + 11?
1333
In base 7, what is 20 + 30033?
30053
In base 10, what is 12 - -56240?
56252
In base 6, what is -1251 + 540?
-311
In base 8, what is 636 - -2320?
3156
In base 6, what is 11400320 + 10?
11400330
In base 5, what is -24 - -444420?
444341
In base 14, what is 0 - 3803?
-3803
In base 14, what is 659 + 14cc?
1b47
In base 10, what is 79 + -2070?
-1991
In base 10, what is 2803 - -6?
2809
In base 5, what is -10034 + 1001?
-4033
In base 12, what is 1aa62 + 4?
1aa66
In base 14, what is -4 - -3000?
2dda
In base 4, what is -21100 - 2030?
-23130
In base 11, what is 556 - 14?
542
In base 9, what is -383044 + -5?
-383050
In base 2, what is 10000001110010 + 10010?
10000010000100
In base 9, what is -441 - 107?
-548
In base 14, what is a - 134bb?
-134b1
In base 13, what is -6b71 - 198?
-7039
In base 15, what is 3 - be4d3?
-be4d0
In base 4, what is -223 + -331301?
-332130
In base 6, what is 315 - 3255?
-2540
In base 7, what is 22322 - 2062?
20230
In base 11, what is -3 + 2257?
2254
In base 16, what is -1 - -11749?
11748
In base 4, what is 1303313 + 32?
1310011
In base 12, what is 3 + 8582?
8585
In base 11, what is 121 + -5a4?
-483
In base 12, what is 778 - 3?
775
In base 9, what is 2386 + -20?
2366
In base 15, what is 0 + -28c7c?
-28c7c
In base 5, what is 40 + 1132214?
1132304
In base 4, what is -2201 + 121322?
113121
In base 3, what is -20010 + -102200221?
-102221001
In base 13, what is -2 - -54c?
54a
In base 6, what is 5 - -3042044?
3042053
In base 16, what is -30c3 + 3?
